{"id":17,"date":"2024-11-05T16:50:51","date_gmt":"2024-11-05T16:50:51","guid":{"rendered":"https:\/\/eris-ie.crfptic.es\/?page_id=17"},"modified":"2025-12-15T17:03:46","modified_gmt":"2025-12-15T17:03:46","slug":"productos","status":"publish","type":"page","link":"https:\/\/eris-ie.crfptic.es\/pt\/productos\/","title":{"rendered":"Produtos"},"content":{"rendered":"<div data-elementor-type=\"wp-page\" data-elementor-id=\"17\" class=\"elementor elementor-17\" data-elementor-post-type=\"page\">\n\t\t\t\t<div class=\"elementor-element elementor-element-d99aed7 e-flex e-con-boxed e-con e-parent\" data-id=\"d99aed7\" data-element_type=\"container\" data-settings=\"{&quot;background_background&quot;:&quot;classic&quot;,&quot;shape_divider_bottom&quot;:&quot;waves&quot;}\">\n\t\t\t\t\t<div class=\"e-con-inner\">\n\t\t\t\t<div class=\"elementor-shape elementor-shape-bottom\" aria-hidden=\"true\" data-negative=\"false\">\n\t\t\t<svg xmlns=\"http:\/\/www.w3.org\/2000\/svg\" viewbox=\"0 0 1000 100\" preserveaspectratio=\"none\">\n\t<path class=\"elementor-shape-fill\" d=\"M421.9,6.5c22.6-2.5,51.5,0.4,75.5,5.3c23.6,4.9,70.9,23.5,100.5,35.7c75.8,32.2,133.7,44.5,192.6,49.7\tc23.6,2.1,48.7,3.5,103.4-2.5c54.7-6,106.2-25.6,106.2-25.6V0H0v30.3c0,0,72,32.6,158.4,30.5c39.2-0.7,92.8-6.7,134-22.4\tc21.2-8.1,52.2-18.2,79.7-24.2C399.3,7.9,411.6,7.5,421.9,6.5z\"\/>\n<\/svg>\t\t<\/div>\n\t\t\t\t<div class=\"elementor-element elementor-element-c080b37 elementor-widget elementor-widget-heading\" data-id=\"c080b37\" data-element_type=\"widget\" data-widget_type=\"heading.default\">\n\t\t\t\t<div class=\"elementor-widget-container\">\n\t\t\t\t\t<h2 class=\"elementor-heading-title elementor-size-default\">Produtos<\/h2>\t\t\t\t<\/div>\n\t\t\t\t<\/div>\n\t\t\t\t<div class=\"elementor-element elementor-element-4627143 elementor-widget-divider--view-line elementor-widget elementor-widget-divider\" data-id=\"4627143\" data-element_type=\"widget\" data-widget_type=\"divider.default\">\n\t\t\t\t<div class=\"elementor-widget-container\">\n\t\t\t\t\t\t\t<div class=\"elementor-divider\">\n\t\t\t<span class=\"elementor-divider-separator\">\n\t\t\t\t\t\t<\/span>\n\t\t<\/div>\n\t\t\t\t\t\t<\/div>\n\t\t\t\t<\/div>\n\t\t\t\t<div class=\"elementor-element elementor-element-9b2c170 elementor-invisible elementor-widget elementor-widget-image\" data-id=\"9b2c170\" data-element_type=\"widget\" data-settings=\"{&quot;_animation&quot;:&quot;fadeIn&quot;}\" data-widget_type=\"image.default\">\n\t\t\t\t<div class=\"elementor-widget-container\">\n\t\t\t\t\t\t\t\t\t\t\t\t\t\t\t<img fetchpriority=\"high\" decoding=\"async\" width=\"1393\" height=\"376\" src=\"https:\/\/eris-ie.crfptic.es\/wp-content\/uploads\/2025\/02\/Interreg-Logo-Espana-Portugal-RGB-Color-neg-03.png\" class=\"attachment-full size-full wp-image-181\" alt=\"\" srcset=\"https:\/\/eris-ie.crfptic.es\/wp-content\/uploads\/2025\/02\/Interreg-Logo-Espana-Portugal-RGB-Color-neg-03.png 1393w, https:\/\/eris-ie.crfptic.es\/wp-content\/uploads\/2025\/02\/Interreg-Logo-Espana-Portugal-RGB-Color-neg-03-300x81.png 300w, https:\/\/eris-ie.crfptic.es\/wp-content\/uploads\/2025\/02\/Interreg-Logo-Espana-Portugal-RGB-Color-neg-03-1024x276.png 1024w, https:\/\/eris-ie.crfptic.es\/wp-content\/uploads\/2025\/02\/Interreg-Logo-Espana-Portugal-RGB-Color-neg-03-768x207.png 768w, https:\/\/eris-ie.crfptic.es\/wp-content\/uploads\/2025\/02\/Interreg-Logo-Espana-Portugal-RGB-Color-neg-03-18x5.png 18w\" sizes=\"(max-width: 1393px) 100vw, 1393px\" \/>\t\t\t\t\t\t\t\t\t\t\t\t\t\t\t<\/div>\n\t\t\t\t<\/div>\n\t\t\t\t\t<\/div>\n\t\t\t\t<\/div>\n\t\t<div class=\"elementor-element elementor-element-9d16988 e-flex e-con-boxed elementor-invisible e-con e-parent\" data-id=\"9d16988\" data-element_type=\"container\" data-settings=\"{&quot;animation&quot;:&quot;fadeInUp&quot;}\">\n\t\t\t\t\t<div class=\"e-con-inner\">\n\t\t\t\t<div class=\"elementor-element elementor-element-c865a01 elementor-widget elementor-widget-text-editor\" data-id=\"c865a01\" data-element_type=\"widget\" data-widget_type=\"text-editor.default\">\n\t\t\t\t<div class=\"elementor-widget-container\">\n\t\t\t\t\t\t\t\t\t<div class=\"responsive-table\"><table width=\"100%\"><tbody><tr><td width=\"40%\"><strong>Rede de escolas ERIS IE<\/strong><\/td><td width=\"20%\"><strong>Projeto<\/strong><\/td><td width=\"20%\"><strong>Produto PT<\/strong><\/td><td width=\"20%\"><strong>Produto ES<\/strong><\/td><\/tr><tr><td>Agrupamento de Escolas Em\u00eddio Garc\u00eda, Bragan\u00e7a<br \/>IES Pablo D\u00edez, Bo\u00f1ar (Le\u00f3n)<\/td><td>BRA\u00d1AR<\/td><td colspan=\"2\"><a href=\"https:\/\/eris-ie.crfptic.es\/wp-content\/uploads\/2025\/12\/Branar-APRESENTACAO-FINAL.ppsx.zip\" target=\"_blank\" rel=\"noopener\">Link<\/a><\/td><\/tr><tr><td>Agrupamento de Escolas Castro Daire, Castro Daire<br \/>IES Aliste, Alca\u00f1ices (Zamora)<\/td><td>Criar oportunidades transfronteiri\u00e7as \/ Creando oportunidades transfronterizas<\/td><td colspan=\"2\"><a href=\"https:\/\/chemamezquitatic.my.canva.site\/pie-eris-ie-castro-daire-aliste\/\" target=\"_blank\" rel=\"noopener\">Link<\/a><\/td><\/tr><tr><td>Agrupamento de Escolas Dr. J\u00falio Martins, Chaves<br \/>IES Obispo Arguelles, Villablino (Le\u00f3n)<\/td><td>FLAVIACIANA NATURAL<\/td><td colspan=\"2\"><a href=\"https:\/\/eris-ie.crfptic.es\/wp-content\/uploads\/2025\/12\/FLAVIACIANA-Presentacion-Proyecto-ERIS_IE-en-TRANCOSO.pdf\" target=\"_blank\" rel=\"noopener\">Link<\/a><\/td><\/tr><tr><td>Agrupamento de Escolas do Fund\u00e3o, Fund\u00e3o<br \/>IES Ramos del Manzano, Vitigudino (Salamanca)<\/td><td>O recanto da Sa\u00fade \/ El rinc\u00f3n de la Salud<\/td><td colspan=\"2\"><a href=\"https:\/\/sites.google.com\/iesramosdelmanzano.com\/abuelamatilde\/proyecto-eris?authuser=0\" target=\"_blank\" rel=\"noopener\">Link<\/a><\/td><\/tr><tr><td>Agrupamento de Escolas de Mirandela, Mirandela<br \/>IES Tierra de Ciudad Rodrigo, Ciudad Rodrigo (Salamanca)<\/td><td>G+Astronomia \/ G+Astronom\u00eda<\/td><td colspan=\"2\"><a href=\"https:\/\/sites.google.com\/view\/proyecto-g-astronomia\/inicio\" target=\"_blank\" rel=\"noopener\">Link<\/a><\/td><\/tr><tr><td>Agrupamento de Escolas de Miranda do Douro, Miranda do Douro<br \/>IES Juana I de Castilla, Tordesillas (Valladolid)<\/td><td>Irm\u00e3os do Douro \/ Hermanos del Duero<\/td><td><a href=\"https:\/\/sites.google.com\/view\/interreg-erisie-mirandadouro\/p%C3%A1gina-inicial\" target=\"_blank\" rel=\"noopener\">Link<\/a><\/td><td><a href=\"https:\/\/sites.google.com\/view\/hermanos-duero\/\" target=\"_blank\" rel=\"noopener\">Link<\/a><\/td><\/tr><tr><td>Escola Secund\u00e1ria de Pinhel, Pinhel<br \/>IES Hermenegildo Mart\u00edn Borro, Cebreros (\u00c1vila)<\/td><td>Ra\u00edces Ib\u00e9ricas \/ Ra\u00edzes Ib\u00e9ricas<\/td><td colspan=\"2\"><a href=\"https:\/\/escolasecundariapinhelieshmb2025.blogspot.com\/\" target=\"_blank\" rel=\"noopener\">Link<\/a><\/td><\/tr><tr><td>Agrupamento de Escolas de Trancoso, Trancoso<br \/>IES Jorge Guill\u00e9n, Villal\u00f3n de Campos (Valladolid)<\/td><td>Sabores tradicionais de Trancovilla \/ Sabores tradicionales de Trancovilla<\/td><td colspan=\"2\"><a href=\"https:\/\/eris-ie.crfptic.es\/wp-content\/uploads\/2025\/12\/TrancoVilla-The-Movie-web.mp4\" target=\"_blank\" rel=\"noopener\">Link<\/a><\/td><\/tr><tr><td>Escola Secund\u00e1ria S\u00e3o Pedro, Vila Real<br \/>IES Bergidum Flavium, Cacabelos (Le\u00f3n)<\/td><td>Cooperativa Ibero-estudiantil<\/td><td colspan=\"2\"><a href=\"https:\/\/www.canva.com\/design\/DAG0imCPs30\/DFr3vRkr5ov4bxuXQzyfAA\/view?utm_content=DAG0imCPs30&amp;utm_campaign=designshare&amp;utm_medium=link2&amp;utm_source=uniquelinks&amp;utlId=h8aafa52e45\" target=\"_blank\" rel=\"noopener\">Link<\/a><\/td><\/tr><tr><td>Escola Secund\u00e1ria Viriato, Viseu<br \/>IES Arribes de Sayago, Bermillo de Sayago (Zamora)<\/td><td>Seguindo os passos de Viriato. De Viseu a Sayago. \/ Siguiendo los pasos de Viriato. De Sayago a Viseu<\/td><td colspan=\"2\"><a href=\"https:\/\/sites.google.com\/view\/erisiesarribesdesayago\/inicio\" target=\"_blank\" rel=\"noopener\">Link<\/a><\/td><\/tr><\/tbody><\/table><\/div>\t\t\t\t\t\t\t\t<\/div>\n\t\t\t\t<\/div>\n\t\t\t\t<div class=\"elementor-element elementor-element-64ffdbe elementor-widget elementor-widget-image\" data-id=\"64ffdbe\" data-element_type=\"widget\" data-widget_type=\"image.default\">\n\t\t\t\t<div class=\"elementor-widget-container\">\n\t\t\t\t\t\t\t\t\t\t\t\t\t\t\t<img decoding=\"async\" width=\"141\" height=\"107\" src=\"https:\/\/eris-ie.crfptic.es\/wp-content\/uploads\/2024\/11\/Logo-vertical.svg\" class=\"attachment-large size-large wp-image-56\" alt=\"\" \/>\t\t\t\t\t\t\t\t\t\t\t\t\t\t\t<\/div>\n\t\t\t\t<\/div>\n\t\t\t\t\t<\/div>\n\t\t\t\t<\/div>\n\t\t\t\t<\/div>","protected":false},"excerpt":{"rendered":"<p>Productos Red de centros ERIS IE Proyecto Producto PT Producto ES Agrupamento de Escolas Em\u00eddio Garc\u00eda, Bragan\u00e7aIES Pablo D\u00edez, Bo\u00f1ar (Le\u00f3n) BRA\u00d1AR Enlace Agrupamento de Escolas Castro Daire, Castro DaireIES Aliste, Alca\u00f1ices (Zamora) Criar oportunidades transfronteiri\u00e7as \/ Creando oportunidades transfronterizas Enlace Agrupamento de Escolas Dr. J\u00falio Martins, ChavesIES Obispo Arguelles, Villablino (Le\u00f3n) FLAVIACIANA NATURAL Enlace [&hellip;]<\/p>","protected":false},"author":1,"featured_media":0,"parent":0,"menu_order":0,"comment_status":"closed","ping_status":"closed","template":"elementor_header_footer","meta":{"footnotes":""},"class_list":["post-17","page","type-page","status-publish","hentry"],"_links":{"self":[{"href":"https:\/\/eris-ie.crfptic.es\/pt\/wp-json\/wp\/v2\/pages\/17","targetHints":{"allow":["GET"]}}],"collection":[{"href":"https:\/\/eris-ie.crfptic.es\/pt\/wp-json\/wp\/v2\/pages"}],"about":[{"href":"https:\/\/eris-ie.crfptic.es\/pt\/wp-json\/wp\/v2\/types\/page"}],"author":[{"embeddable":true,"href":"https:\/\/eris-ie.crfptic.es\/pt\/wp-json\/wp\/v2\/users\/1"}],"replies":[{"embeddable":true,"href":"https:\/\/eris-ie.crfptic.es\/pt\/wp-json\/wp\/v2\/comments?post=17"}],"version-history":[{"count":43,"href":"https:\/\/eris-ie.crfptic.es\/pt\/wp-json\/wp\/v2\/pages\/17\/revisions"}],"predecessor-version":[{"id":398,"href":"https:\/\/eris-ie.crfptic.es\/pt\/wp-json\/wp\/v2\/pages\/17\/revisions\/398"}],"wp:attachment":[{"href":"https:\/\/eris-ie.crfptic.es\/pt\/wp-json\/wp\/v2\/media?parent=17"}],"curies":[{"name":"wp","href":"https:\/\/api.w.org\/{rel}","templated":true}]}}

<div data-elementor-type="wp-page" data-elementor-id="17" class="elementor elementor-17" data-elementor-post-type="page">
				<div class="elementor-element elementor-element-d99aed7 e-flex e-con-boxed e-con e-parent" data-id="d99aed7" data-element_type="container" data-settings="{&quot;background_background&quot;:&quot;classic&quot;,&quot;shape_divider_bottom&quot;:&quot;waves&quot;}">
					<div class="e-con-inner">
				<div class="elementor-shape elementor-shape-bottom" aria-hidden="true" data-negative="false">
			<svg xmlns="http://www.w3.org/2000/svg" viewbox="0 0 1000 100" preserveaspectratio="none">
	<path class="elementor-shape-fill" d="M421.9,6.5c22.6-2.5,51.5,0.4,75.5,5.3c23.6,4.9,70.9,23.5,100.5,35.7c75.8,32.2,133.7,44.5,192.6,49.7	c23.6,2.1,48.7,3.5,103.4-2.5c54.7-6,106.2-25.6,106.2-25.6V0H0v30.3c0,0,72,32.6,158.4,30.5c39.2-0.7,92.8-6.7,134-22.4	c21.2-8.1,52.2-18.2,79.7-24.2C399.3,7.9,411.6,7.5,421.9,6.5z"/>
</svg>		</div>
				<div class="elementor-element elementor-element-c080b37 elementor-widget elementor-widget-heading" data-id="c080b37" data-element_type="widget" data-widget_type="heading.default">
				<div class="elementor-widget-container">
					<h2 class="elementor-heading-title elementor-size-default">Produtos</h2>				</div>
				</div>
				<div class="elementor-element elementor-element-4627143 elementor-widget-divider--view-line elementor-widget elementor-widget-divider" data-id="4627143" data-element_type="widget" data-widget_type="divider.default">
				<div class="elementor-widget-container">
							<div class="elementor-divider">
			<span class="elementor-divider-separator">
						</span>
		</div>
						</div>
				</div>
				<div class="elementor-element elementor-element-9b2c170 elementor-invisible elementor-widget elementor-widget-image" data-id="9b2c170" data-element_type="widget" data-settings="{&quot;_animation&quot;:&quot;fadeIn&quot;}" data-widget_type="image.default">
				<div class="elementor-widget-container">
															<img fetchpriority="high" decoding="async" width="1393" height="376" src="https://eris-ie.crfptic.es/wp-content/uploads/2025/02/Interreg-Logo-Espana-Portugal-RGB-Color-neg-03.png" class="attachment-full size-full wp-image-181" alt="" srcset="https://eris-ie.crfptic.es/wp-content/uploads/2025/02/Interreg-Logo-Espana-Portugal-RGB-Color-neg-03.png 1393w, https://eris-ie.crfptic.es/wp-content/uploads/2025/02/Interreg-Logo-Espana-Portugal-RGB-Color-neg-03-300x81.png 300w, https://eris-ie.crfptic.es/wp-content/uploads/2025/02/Interreg-Logo-Espana-Portugal-RGB-Color-neg-03-1024x276.png 1024w, https://eris-ie.crfptic.es/wp-content/uploads/2025/02/Interreg-Logo-Espana-Portugal-RGB-Color-neg-03-768x207.png 768w, https://eris-ie.crfptic.es/wp-content/uploads/2025/02/Interreg-Logo-Espana-Portugal-RGB-Color-neg-03-18x5.png 18w" sizes="(max-width: 1393px) 100vw, 1393px" />															</div>
				</div>
					</div>
				</div>
		<div class="elementor-element elementor-element-9d16988 e-flex e-con-boxed elementor-invisible e-con e-parent" data-id="9d16988" data-element_type="container" data-settings="{&quot;animation&quot;:&quot;fadeInUp&quot;}">
					<div class="e-con-inner">
				<div class="elementor-element elementor-element-c865a01 elementor-widget elementor-widget-text-editor" data-id="c865a01" data-element_type="widget" data-widget_type="text-editor.default">
				<div class="elementor-widget-container">
									<div class="responsive-table"><table width="100%"><tbody><tr><td width="40%"><strong>Rede de escolas ERIS IE</strong></td><td width="20%"><strong>Projeto</strong></td><td width="20%"><strong>Produto PT</strong></td><td width="20%"><strong>Produto ES</strong></td></tr><tr><td>Agrupamento de Escolas Emídio García, Bragança<br />IES Pablo Díez, Boñar (León)</td><td>BRAÑAR</td><td colspan="2"><a href="https://eris-ie.crfptic.es/wp-content/uploads/2025/12/Branar-APRESENTACAO-FINAL.ppsx.zip" target="_blank" rel="noopener">Link</a></td></tr><tr><td>Agrupamento de Escolas Castro Daire, Castro Daire<br />IES Aliste, Alcañices (Zamora)</td><td>Criar oportunidades transfronteiriças / Creando oportunidades transfronterizas</td><td colspan="2"><a href="https://chemamezquitatic.my.canva.site/pie-eris-ie-castro-daire-aliste/" target="_blank" rel="noopener">Link</a></td></tr><tr><td>Agrupamento de Escolas Dr. Júlio Martins, Chaves<br />IES Obispo Arguelles, Villablino (León)</td><td>FLAVIACIANA NATURAL</td><td colspan="2"><a href="https://eris-ie.crfptic.es/wp-content/uploads/2025/12/FLAVIACIANA-Presentacion-Proyecto-ERIS_IE-en-TRANCOSO.pdf" target="_blank" rel="noopener">Link</a></td></tr><tr><td>Agrupamento de Escolas do Fundão, Fundão<br />IES Ramos del Manzano, Vitigudino (Salamanca)</td><td>O recanto da Saúde / El rincón de la Salud</td><td colspan="2"><a href="https://sites.google.com/iesramosdelmanzano.com/abuelamatilde/proyecto-eris?authuser=0" target="_blank" rel="noopener">Link</a></td></tr><tr><td>Agrupamento de Escolas de Mirandela, Mirandela<br />IES Tierra de Ciudad Rodrigo, Ciudad Rodrigo (Salamanca)</td><td>G+Astronomia / G+Astronomía</td><td colspan="2"><a href="https://sites.google.com/view/proyecto-g-astronomia/inicio" target="_blank" rel="noopener">Link</a></td></tr><tr><td>Agrupamento de Escolas de Miranda do Douro, Miranda do Douro<br />IES Juana I de Castilla, Tordesillas (Valladolid)</td><td>Irmãos do Douro / Hermanos del Duero</td><td><a href="https://sites.google.com/view/interreg-erisie-mirandadouro/p%C3%A1gina-inicial" target="_blank" rel="noopener">Link</a></td><td><a href="https://sites.google.com/view/hermanos-duero/" target="_blank" rel="noopener">Link</a></td></tr><tr><td>Escola Secundária de Pinhel, Pinhel<br />IES Hermenegildo Martín Borro, Cebreros (Ávila)</td><td>Raíces Ibéricas / Raízes Ibéricas</td><td colspan="2"><a href="https://escolasecundariapinhelieshmb2025.blogspot.com/" target="_blank" rel="noopener">Link</a></td></tr><tr><td>Agrupamento de Escolas de Trancoso, Trancoso<br />IES Jorge Guillén, Villalón de Campos (Valladolid)</td><td>Sabores tradicionais de Trancovilla / Sabores tradicionales de Trancovilla</td><td colspan="2"><a href="https://eris-ie.crfptic.es/wp-content/uploads/2025/12/TrancoVilla-The-Movie-web.mp4" target="_blank" rel="noopener">Link</a></td></tr><tr><td>Escola Secundária São Pedro, Vila Real<br />IES Bergidum Flavium, Cacabelos (León)</td><td>Cooperativa Ibero-estudiantil</td><td colspan="2"><a href="https://www.canva.com/design/DAG0imCPs30/DFr3vRkr5ov4bxuXQzyfAA/view?utm_content=DAG0imCPs30&amp;utm_campaign=designshare&amp;utm_medium=link2&amp;utm_source=uniquelinks&amp;utlId=h8aafa52e45" target="_blank" rel="noopener">Link</a></td></tr><tr><td>Escola Secundária Viriato, Viseu<br />IES Arribes de Sayago, Bermillo de Sayago (Zamora)</td><td>Seguindo os passos de Viriato. De Viseu a Sayago. / Siguiendo los pasos de Viriato. De Sayago a Viseu</td><td colspan="2"><a href="https://sites.google.com/view/erisiesarribesdesayago/inicio" target="_blank" rel="noopener">Link</a></td></tr></tbody></table></div>								</div>
				</div>
				<div class="elementor-element elementor-element-64ffdbe elementor-widget elementor-widget-image" data-id="64ffdbe" data-element_type="widget" data-widget_type="image.default">
				<div class="elementor-widget-container">
															<img decoding="async" width="141" height="107" src="https://eris-ie.crfptic.es/wp-content/uploads/2024/11/Logo-vertical.svg" class="attachment-large size-large wp-image-56" alt="" />															</div>
				</div>
					</div>
				</div>
				</div>

<p>Productos Red de centros ERIS IE Proyecto Producto PT Producto ES Agrupamento de Escolas Emídio García, BragançaIES Pablo Díez, Boñar (León) BRAÑAR Enlace Agrupamento de Escolas Castro Daire, Castro DaireIES Aliste, Alcañices (Zamora) Criar oportunidades transfronteiriças / Creando oportunidades transfronterizas Enlace Agrupamento de Escolas Dr. Júlio Martins, ChavesIES Obispo Arguelles, Villablino (León) FLAVIACIANA NATURAL Enlace [&hellip;]</p>
